2 + 1)/((-1)/25). Let f = k + b. Calculate the remainder when f is divided by 16.
15
Let p be (0/(-3))/(6/(-3)). Let u(w) = 25 - 2*w + 2*w - w. Calculate the remainder when u(p) is divided by 9.
7
Calculate the remainder when (-8738)/(-51) - 2/(-3) is divided by 44.
40
Let o = 47 - 21. Calculate the remainder when o is divided by 14.
12
Let c(b) = -b**3 - 2*b**2 + 2*b + 1. Let p(y) = -5*y**3 - 9*y**2 + 11*y + 6. Let u(v) = 11*c(v) - 2*p(v). Calculate the remainder when u(-5) is divided by 9.
6
Let d = -16 - -51. Suppose 15 = 2*b - 3*f, b - 3*b + 36 = 4*f. What is the remainder when d is divided by b?
11
Suppose 0 = 2*v - 34 - 12. Suppose 12 = n - 0. Calculate the remainder when v is divided by n.
11
Let u = 32 + -23. Let q = 23 - u. What is the remainder when q is divided by 4?
2
Let g = -50 + 54. What is the remainder when 5 is divided by g?
1
Suppose 0*f - 10 = k + 3*f, 6 = -5*k - 4*f. Suppose 9 = k*l - 49. What is the remainder when l is divided by 10?
9
Let v = 30 + 16. What is the remainder when v is divided by 10?
6
Let q(t) = t**3 + 8*t**2 - 3*t + 3. Let f be q(-6). Calculate the remainder when (f/(-3) - 3)*-1 is divided by 18.
16
Let p = 14 - 1. Calculate the remainder when -50*3/(-6)*1 is divided by p.
12
Suppose -o - 137 = -4*g, 0*g + 102 = 3*g - o. Suppose -5*a + 17 = 2*y - g, -2*y - 3*a + 56 = 0. What is the remainder when y is divided by 18?
13
Let x(y) = y**2 + 17*y - 44. Let w(c) = -10*c - 3. Calculate the remainder when x(-22) is divided by w(-2).
15
Suppose 0 = -i - 4*a + 2*a + 1, i - 3*a - 6 = 0. Suppose 4*f + i = 27. What is the remainder when f is divided by 4?
2
Let w(k) = -k**2 - 11*k - 8. Let u(t) = -t**3 - 6*t**2 + 7*t - 9. Let a be u(-7). What is the remainder when 17 is divided by w(a)?
7
Suppose -5*w = -0*w - 75. Calculate the remainder when 57 is divided by w.
12
Let k = 9 - 8. Let t(y) = 7*y**3 - 2*y**2 + y. What is the remainder when t(k) is divided by 2?
0
Let g = -3 - -10. Calculate the remainder when 20 is divided by g.
6
Suppose -17*s = -0*s - 561. Suppose 5*z = -2*m + 12, 0*m = -4*z - m + 12. Suppose 22 = -z*q + 58. What is the remainder when s is divided by q?
6
Suppose 4*x - 78 = -34. What is the remainder when 31 is divided by x?
9
Suppose -2*x - 2*x = -92. Suppose 0 = -34*y + 36*y - 88. What is the remainder when y is divided by x?
21
Suppose 2 = -2*k + 60. What is the remainder when 143 is divided by k?
27
Suppose 0 = -10*q + 5*q + 30. Suppose -w + q + 9 = 0. Calculate the remainder when w is divided by 9.
6
Suppose 0 = -2*i + 2*l + 68, 0 = 3*i - 2*l - 2*l - 100. Let t = -22 + i. What is the remainder when 26 is divided by t?
12
Suppose 0 = 2*f - 12 - 12. Suppose -3*s + 7*s - 92 = 0. Calculate the remainder when s is divided by f.
11
Suppose -2*n - 34 = -3*a, -4*a = a + n - 48. What is the remainder when 17 is divided by a?
7
Suppose -2*c + 4*w = -146, -3*c + 7*c = w + 257. What is the remainder when c is divided by 13?
11
Let u = 82 + -183. Let n = -28 - u. What is the remainder when n is divided by 25?
23
Calculate the remainder when (-1 - (-3 + 1)) + 62 is divided by 16.
15
Let w(c) = -c**3 - 5*c**2 - c + 4. Let a be w(-4). Let f = a - -18. What is the remainder when 19 is divided by f?
9
Let o = 120 + 49. Let i = o - 121. Calculate the remainder when i is divided by 10.
8
Let w(m) = 12*m**2 + 2*m - 1. Let u be w(-2). Suppose u = 2*r - 73. What is the remainder when r is divided by 15?
13
Let v(q) = -5*q + 1. Suppose -7 = -d - 5*a + 2, 2*a - 2 = 0. Suppose 5*m + g + d = 0, 0*g + 4*g - 3 = -m. Calculate the remainder when 17 is divided by v(m).
5
Suppose 8*f - 2*p = 3*f - 22, -3*f + 5*p + 2 = 0. Let v be (-2)/2 + (f - -7). Let c = v - -7. Calculate the remainder when 13 is divided by c.
6
Let h(w) = -w**3 + 5*w**2 - w - 2. Let i be h(3). Suppose -5*z = i - 3. What is the remainder when 1 is divided by (-18)/(-15) + z/10?
0
Let p = 24 - 16. What is the remainder when 2/(-2 + -6) + 484/16 is divided by p?
6
Let h = -9 - -26. What is the remainder when h is divided by 6?
5
Let o = -10 - -19. Calculate the remainder when 17 is divided by o.
8
Suppose 0 = -5*u + 46 + 284. What is the remainder when u is divided by 2/(-8) - (-897)/52?
15
Let j be (3/(-2))/(6/8). Let q = 19 + j. What is the remainder when 16/(-10)*5*-4 is divided by q?
15
Suppose -8 = n + 2*q + 21, 5*q - 10 = 0. Let b = -23 - n. Calculate the remainder when b is divided by -4 - (0 + -9 - 1).
4
Suppose y - 19 = -3*j + 7, 0 = 4*y - j - 65. Calculate the remainder when y is divided by -1*2*3/(-2).
2
Let a = 10 - -9. Suppose -3*z - 15 = 24. Let n = z + 20. Calculate the remainder when a is divided by n.
5
Let j be ((-69)/6)/(3/(-6)). Suppose 5*h - 26 = -3*a, -5*a = -a - 5*h - j. What is the remainder when a is divided by 2?
1
Let j be (-3)/(-3) - (2 + -5). Suppose -5*a + 2*a + 103 = -j*l, 4*l = -5*a + 129. Suppose -m + 2 = -13. What is the remainder when a is divided by m?
14
Let t be (12/(-18))/((-6)/27). Suppose 35 = t*v - m, 4*v - m = 2*v + 22. What is the remainder when 35 is divided by v?
9
Suppose 5*z - 1 + 63 = 4*c, -4*z = -8. Calculate the remainder when c is divided by 5.
3
Suppose 4*q = 2 + 10. Suppose -q*u + 4*u - 25 = 0. Calculate the remainder when u is divided by ((-70)/25)/((-2)/5).
4
Suppose 12 = 4*h, 4 = 5*z - h - 8. Suppose -5*v = -4*i - 0*i + 78, 43 = z*i + 4*v. Calculate the remainder when 48 is divided by i.
14
Calculate the remainder when 3 - (1 + -1 + -16) is divided by 5.
4
Let d(o) = -o**2 - 6*o + 8. Let i = 109 - 88. What is the remainder when i is divided by d(-6)?
5
Let z(m) = -m**2 - 6*m - 3. Let y be z(-5). Suppose -y*l = -2*x - 2*x + 26, 0 = -5*x - l + 22. Calculate the remainder when 13 is divided by x.
3
Calculate the remainder when (-110)/(-6)*(-23 - -26) is divided by (-4)/5*(-70)/4.
13
Let u(z) = -4*z**3 + z. Let i be u(-1). Suppose i*n - 25 = -2*n. What is the remainder when 14 is divided by n?
4
Let v(p) = p**3 - p + 89. What is the remainder when v(0) is divided by 23?
20
Let j = 7 + -10. Let m = j + 20. Let d = 48 - m. What is the remainder when d is divided by 11?
9
Let c be 1/(-1) + (-1 - -5). Suppose 5 + c = 2*f. Calculate the remainder when 2/4 - (-138)/f is divided by 12.
11
Suppose -c = 6*p - 3*p - 28, 0 = p + 5*c - 28. What is the remainder when 21 is divided by p?
5
Let g(h) = -h**2 + 1. Let q be g(-1). Suppose 0 = -q*r + r - 3*f - 16, -5*f = -2*r + 31. What is the remainder when 51 is divided by r?
12
Let t(c) = -2*c + 4. Let k(f) = -3*f + 4. Let x(g) = -4*k(g) + 5*t(g). Calculate the remainder when 22 is divided by x(4).
10
Let o = -5 + -2. Let i = -4 - o. Calculate the remainder when 5 is divided by i.
2
Suppose 0 = 2*f - 4*f - 88. Let b = -20 + -56. Let o = f - b. Calculate the remainder when o is divided by 17.
15
Suppose -5*c - 30 = -o - 2*o, -15 = 5*c. Suppose -46 = -o*i + 3*i. Calculate the remainder when 67 is divided by i.
21
Let d = 24 - 15. Let p(k) = k**3 + k**2 + k + 54. Let s be p(0). Let t = 79 - s. Calculate the remainder when t is divided by d.
7
Let x(p) = p**2 + 2*p - 3. Let y be x(-3). Let a be y/((7 + -1)/(-3)). What is the remainder when 17 is divided by (a - -3)/((-2)/(-4))?
5
Suppose -4*r + 5*t + 136 = 0, 5*r + 0*r - 170 = -3*t. Suppose 0*i + 2*i + 14 = -3*m, i + 5 = -m. What is the remainder when r is divided by 0 + ((-1)/i - -11)?
10
Let y = -7 - -3. Let t be y*(-3 - 2/(-1)). What is the remainder when 43 is divided by ((-4)/(-2))/(t/30)?
13
Suppose -3*c - 31 = -97. Suppose 5*b + c = 392. Calculate the remainder when b is divided by 19.
17
Let t be (-4 - (-2 - 0))*1. Let c be (-1)/(t - 3/(-2)). Suppose -c*n = -10 + 2. Calculate the remainder when n is divided by 2.
0
Let f = 88 - 39. Calculate the remainder when f is divided by 25.
24
Suppose 0*i - 2*i + 2 = 0. Let m(o) = 19*o + 1. What is the remainder when 39 is divided by m(i)?
19
Let m(w) = 95*w**3 - 2*w + 1. What is the remainder when m(1) is divided by 24?
22
Suppose -3*r = -12 + 3. Suppose 0 = j - 5*i + 2, 2*j - 5*i = 1. What is the remainder when j is divided by r?
0
Suppose 0*z = -3*z + 102. Let f = z + -16. Calculate the remainder when 51 is divided by f.
15
Let j = 1 - 0. Let g be 0/(0 - (4 - 3)). Suppose -b + j = -g*b. Calculate the remainder when 2 is divided by b.
0
Let m = 14 + 23. Let p = m - 21. What 